on factor of 5 and w?
5
Suppose -2*d + 126 = -160. Let f = -5 - -9. Suppose 5*x - x - f*a - 60 = 0, -4 = 2*a. Calculate the greatest common divisor of x and d.
13
Suppose 0*j = -4*j + 756. Calculate the highest common factor of 21 and j.
21
Let f be 3 + -2 + 0 + -3. Let w be (f/3)/(4/(-234)). What is the greatest common divisor of 13 and w?
13
Suppose -2 + 1 = -s. Let g be (9/s)/((-1)/(-7)). Let a be ((-63)/5)/(12/(-40)). Calculate the greatest common divisor of a and g.
21
Suppose -2*w = w - 6. Suppose 5*q + 80 = -5*o, w*q + o + 14 = 5*o. Let d = -4 - q. Calculate the greatest common divisor of d and 9.
9
Suppose -3*m + 203 = -160. Let l = 15 + 3. Let a = -7 + l. Calculate the highest common factor of a and m.
11
Suppose -2*b + 425 = -5*l, b + 3*b - 895 = -5*l. Calculate the highest common factor of b and 44.
44
Suppose p = 5*p - 96. Calculate the highest common factor of p and 8.
8
Let x(u) = -2*u**3 - 10*u**2 - 5*u + 8. Let o be x(-6). Suppose 5*p + o = -0*p. Let n be 8/(-2 + (-45)/p). What is the highest common factor of 16 and n?
16
Let z(f) = -f**3 + 2*f**2 - 2*f - 1. Let x be z(-2). What is the greatest common factor of x and 76?
19
Let n be (3/3)/(-3 + 4). Let p be (n - -43)*(5 - 3). Calculate the highest common factor of 8 and p.
8
Suppose 0 = -10*k + 8*k + 100. Calculate the highest common divisor of k and 30.
10
Let p = 139 - 94. Let g(d) = -d**2 - 8*d. Let s be g(-5). Let x be s*((-5)/3 - -2). What is the greatest common factor of x and p?
5
Let p(x) = -x - 1. Let d be p(5). Let q be d/(-15) - (-669)/15. Calculate the highest common divisor of 30 and q.
15
Suppose 0 = -4*g - 3*y + 67, 0 = 4*g + 4*y - 68. Calculate the greatest common factor of 40 and g.
8
Let l(b) = -b**2 - 15*b. Let w be l(-11). Calculate the greatest common factor of 264 and w.
44
Suppose 2*r - 2*c - 46 = -0*r, 4*r = -5*c + 65. Calculate the highest common factor of r and 220.
20
Let c(k) = 2*k - 5. Let t be c(-10). Let y = -13 - t. Calculate the greatest common factor of 30 and y.
6
Suppose 0 = 4*y + p + 4*p - 65, -y = 3*p - 25. What is the greatest common factor of y and 50?
10
Suppose -114*c + 112*c = -10. What is the highest common factor of c and 10?
5
Suppose 3*z + 4 = 19. Suppose 5*j + z*b - 250 = 0, -5*j + 360 - 74 = -4*b. What is the highest common factor of 18 and j?
18
Let z(d) = d - 2. Let o be z(-2). Let y = o - -3. Let c be 1 + 1/(-1)*y. Calculate the highest common divisor of c and 16.
2
Suppose m + 3*d + 0*d = -5, 2*d + 18 = 3*m. Suppose -4*h + m = -20. Suppose -36 = -h*f + 3*f. What is the greatest common factor of 30 and f?
6
Suppose -3*t - 114 = -6*t. What is the highest common factor of 38 and t?
38
Suppose -h + 893 = 4*f, -4*f + 7*f - 3*h - 681 = 0. Calculate the greatest common factor of f and 28.
28
Let k be ((-14)/(-4))/(8/16). What is the greatest common factor of k and 14?
7
Suppose -2*r - 24 = -3*f - 0*f, -3*r = f - 19. Suppose 6*c = 2*c. Suppose f*u - 5*u - 150 = c. Calculate the greatest common factor of u and 10.
10
Let c = 102 + -58. Calculate the greatest common divisor of 11 and c.
11
Let t(g) = 41*g - 2. Let d be t(2). Calculate the highest common factor of d and 8.
8
Let t be ((-15)/(-2))/(1/2). What is the highest common divisor of t and 5?
5
Let i(m) = -52*m - 4. Let n be i(-3). Suppose -3*c + n = c. Suppose 3*b - c = -11. Calculate the highest common factor of 1 and b.
1
Suppose 0 = -2*j + 5 + 1. Let k be j*12/(-16)*-8. What is the greatest common divisor of k and 9?
9
Let m be ((-25)/3)/(2/(-6)). Calculate the greatest common factor of m and 225.
25
Let r = 1 - 1. Let m be -2 - r - 0 - -6. What is the greatest common factor of m and 8?
4
Let a be -3*(0 + -2)/(-1). Let z be -2*(a/4 + -2). Suppose -2*t + 5 = d - 1, 0 = d + t - z. What is the highest common factor of d and 8?
8
Let d(t) = 7*t**3 - 2*t. Let u be d(-2). Let g be u/(-9) - (-10)/45. Calculate the highest common factor of 3 and g.
3
Let i(h) = h**2 - 3*h + 11. Let v be i(-7). Calculate the highest common factor of v and 54.
27
Let q = 3 + 1. Suppose -1 = t - q*f - 10, -5*t = -2*f + 45. Let j = t + 101. What is the greatest common factor of j and 10?
10
Let d = 12 - -6. Suppose 3*t = -2*r - 6, -r + 2*t = -0 - 11. Suppose 3*n - 5*n - 2 = 0, -r*n - 84 = -3*g. Calculate the greatest common divisor of d and g.
9
Suppose 28 + 28 = -4*n. Let f = 24 + n. Let y = 51 + -31. Calculate the greatest common factor of y and f.
10
Let f(n) = 6*n - 3. Let d be f(3). Suppose -5*z + 0*z = 0. Let c = z + 3. Calculate the greatest common factor of d and c.
3
Suppose -4*b + 66 + 14 = 0. Let o be -2 + 2 + (-1 - -6). Calculate the highest common factor of o and b.
5
Let w = 65 - 48. What is the greatest common factor of w and 17?
17
Suppose 15 - 120 = -3*b. Suppose p - b = -4*p. Suppose 0*f - 2*f = q - 17, 5*q + 2*f = 45. Calculate the greatest common factor of q and p.
7
Suppose 5*w = 4*w + 71. Suppose -4*o = -2*t + 22 + 78, -t - 5*o = -w. What is the highest common divisor of t and 84?
28
Suppose -10 = -2*h - 4*t + t, 3*t = -h + 8. Calculate the greatest common divisor of 8 and h.
2
Let h be (-2 - -64)*(-4)/(-8). Suppose 0 = 3*d + j - h, 4*d - 61 = -d - 4*j. Calculate the greatest common factor of 45 and d.
9
Suppose 5*v - 7*v = -24. Let h be 63/12 - 3/v. Calculate the greatest common factor of h and 5.
5
Suppose -4*j + 0*j = -12. Calculate the highest common divisor of 24 and j.
3
Let g be (-1)/(-3) - (-13)/(-3). Let o = 11 + g. What is the greatest common divisor of 14 and o?
7
Let i = 11 + -4. Suppose -288 = -5*x + 4*m - 0*m, 0 = 2*x - 2*m - 116. What is the greatest common factor of i and x?
7
Let u(q) = 4*q. Suppose 5*v = 4*m + 7, 2*m + 0*m + 5*v = 19. Let c be u(m). Calculate the greatest common divisor of c and 64.
8
Let i = -39 + 79. Let w be i/18 - (-12)/(-54). What is the highest common divisor of w and 20?
2
Suppose -2*a + 60 - 46 = 0. What is the greatest common divisor of a and 7?
7
Let q(t) = t**2 - 6*t - 2. Let n be q(6). Let f be (-16)/(-3) + n/6. Calculate the highest common factor of 35 and f.
5
Let w be (-56)/(-3) + 4/(-6). Suppose -302 = -4*h + 490. Calculate the highest common factor of h and w.
18
Let y be 6/(-15)*(-3 - 2). Suppose -y*h - 3*h - 325 = 0. Let d = h + 95. What is the greatest common divisor of d and 12?
6
Suppose -4*s = -210 - 174. Calculate the greatest common factor of s and 12.
12
Suppose -33 = -2*a + m, -4*a - 5*m + 11 = -3*a. What is the greatest common divisor of 2 and a?
2
Suppose 3*f = c - 6, 2*c = 6*c - 2*f - 4. Let x be 69 + c/(4/(-2)). Suppose 16 = 5*u - x. What is the highest common factor of 17 and u?
17
Let j(g) = g + 9. Let f be j(-8). Let n be (f + 13)*3/6. Calculate the highest common factor of n and 1.
1
Suppose 2*r = 6*r - 1540. Calculate the highest common divisor of r and 35.
35
Suppose 2*f - 4*l = 208, -l + 5*l - 12 = 0. Suppose -z = -5*m + f, -110 = -5*m - 4*z - z. Calculate the greatest common factor of m and 110.
22
Let k(p) = -2*p + 3*p**2 - 5*p**2 + 3*p**2. Let w be k(4). Let t be (-532)/(-22) + 4/(-22). What is the highest common divisor of w and t?
8
Suppose -w = -114 - 21. Calculate the greatest common divisor of w and 54.
27
Let c(g) = -2*g - 1. Let v be c(-6). Let r(n) = 2*n - 9. Let i be r(v). What is the greatest common factor of 13 and i?
13
Let w = 32 - -31. Let b = w + -38. Suppose -s = -4*u + 40, 4*u + b = 2*s + 61. Calculate the greatest common divisor of 1 and u.
1
Let p(q) = -12*q - 75. Let o be p(-19). What is the greatest common factor of 9 and o?
9
Suppose 3*g - 6*g + 24 = 0. Suppose 4*q - 25 = 5*i, -6*q + 4*q + g = 2*i. Let r(b) = b**2 - 2*b. Let o be r(q). Calculate the highest common factor of 5 and o.
5
Let r be 6*((-2)/(-3))/1. Suppose r*l - 560 + 80 = 0. What is the highest common divisor of l and 48?
24
Let o(a) = -3*a - 1. Let n be o(-4). Calculate the highest common factor of n and 33.
11
Suppose 0 = 5*m - 3*w - 94, -2*w = -4*m - 4*w + 62. What is the highest common factor of m and 136?
17
Let l = -21 - -25. Suppose -g = -l*g + 3. Calculate the highest common divisor of 11 and g.
1
Let l(j) = j**3 - 3 - 2 - 5*j**2 - 7*j + 1. Suppose -16 = -0*y - 2*y. Let k be l(y). Calculate the greatest common factor of k and 12.
12
Let y(p) = p**3 + 7*p**2 + 4*p - 6. Let s be y(-5). Suppose k = s - 6. Calculat